. Calculate the remainder when w(-9) is divided by 12.
11
What is the remainder when 24/(-32) - (-174)/8 is divided by 13?
8
Let w(v) = 5*v**2 + 8*v - 10. Let t(f) = -4*f**2 - 8*f + 10. Let p(z) = 6*t(z) + 5*w(z). What is the remainder when p(7) is divided by 3?
0
Suppose 4*m - l + 29 = 0, -4*m + l = -l + 34. What is the remainder when (0 + -1)/(m/222) is divided by 13?
11
Suppose 4*p + 68 = -4*q, 4*p + 12 = 4*q - 72. Calculate the remainder when 47 is divided by 1 + -6 - -2 - p.
15
Let w = -99 - -182. What is the remainder when w is divided by 21?
20
Let y = 7 - 3. Let b be (-12)/5*(-25)/10. Calculate the remainder when 38 is divided by ((-26)/b)/(y/(-12)).
12
Let k = -1 + 6. Calculate the remainder when 17 is divided by k.
2
Suppose 5*w - 62 = -s, -4*w - 17 - 9 = -s. Calculate the remainder when 123 is divided by s.
39
Let q = -9 + 11. What is the remainder when q is divided by (4/(-3))/(2/(-3))?
0
Let u be 60/(-33) - 2/11. Suppose 10 = 3*r - 3*q - 14, 4*r - 47 = -q. What is the remainder when 0 - (58/u + -2) is divided by r?
9
Let k = -187 - -309. Suppose -4*w + 49 = 2*q - 3*w, -5*q + k = 3*w. Calculate the remainder when 97 is divided by q.
22
Let l(a) = -7*a - 1. Let j(z) = 6*z + 1. Let x(v) = -3*j(v) - 2*l(v). What is the remainder when 20 is divided by x(-2)?
6
Let h = 3 - 4. Suppose -f = -0*f - 1. What is the remainder when -33*(h/(-3) - f) is divided by 8?
6
Suppose 71 + 3 = 2*m. Calculate the remainder when m is divided by -142*(-3)/42 + 7/(-49).
7
Calculate the remainder when 44 is divided by (-2)/((-2)/24*2).
8
Let l(h) be the second derivative of 3*h**3/2 - 3*h**2 + 6*h. What is the remainder when l(5) is divided by 10?
9
Suppose 0 = 3*y + 4*b + b - 42, 12 = y + b. Suppose z = 27 - y. Calculate the remainder when 52 is divided by z.
16
Let r = -11 - -48. What is the remainder when r is divided by 10?
7
Suppose -2*h + 50 = 3*h. Let i = h + 2. Let l = 52 + -18. What is the remainder when l is divided by i?
10
Let x = 8 + -4. Calculate the remainder when (-153)/6*x/(-3) is divided by ((0 + 12)/4 - 0) + 9.
10
Let l be (-2 - (-6 - 1))*1. Let y = l - 6. Calculate the remainder when (y - 0)/1 + 2 is divided by 1.
0
Let b be -26*((-15)/6 + 2). Let s = 25 - b. Suppose 5*d = -2*d + 322. What is the remainder when d is divided by s?
10
Let z(h) = -h - 7. Let p(b) = b**3 + 3*b**2 - 2*b + 3. Let x be p(-4). Let w be z(x). Calculate the remainder when 13 is divided by 3 + (w - -3) + 1.
3
Let w = 0 - -1. Let h(v) = 3*v + 1. Calculate the remainder when h(w) is divided by 2.
0
Let z(h) = -6*h - 87. What is the remainder when 23/3 + (-1)/(-3) is divided by z(-15)?
2
What is the remainder when ((-2)/(-2))/(6 + 472/(-80)) is divided by 4/4 + -1 + 3?
1
Let s = -5 - -7. Let j be (-3)/s*(-340)/15. Let z = 48 - j. Calculate the remainder when 26 is divided by z.
12
Calculate the remainder when 48 is divided by 0 + -4 + 17 + -3.
8
Let a = 16 + 1. Let q(g) = -4*g + 2. Calculate the remainder when q(-5) is divided by (-1 + a)/(5 + -3).
6
Let m(w) = -12*w - 19. Let a(b) = b**2 - b + 3. What is the remainder when m(-9) is divided by a(-4)?
20
Let r(c) = 5*c - 10. Let a(x) = x**3 - 10*x**2 - 3*x + 10. What is the remainder when a(11) is divided by r(7)?
23
Let l = -39 + 64. Let y(o) = o - 3. Let n be y(6). Suppose 5*s - 26 = n*s. Calculate the remainder when l is divided by s.
12
Calculate the remainder when 38 is divided by (-7)/(14/(-40)) - -1.
17
Suppose -4*o + 284 + 132 = 0. Suppose -2*v + n = 4*n - o, -5*v - 2*n + 238 = 0. Calculate the remainder when v is divided by (2/(-5))/((-3)/120).
14
Let k(j) = 5*j - 2. Let t = 7 - 4. Calculate the remainder when 24 is divided by k(t).
11
Let h(s) be the first derivative of s**4/4 - 4*s**3 + 8*s - 5. What is the remainder when 1 + (2 - 4) + 24 is divided by h(12)?
7
Let d(t) = 11*t - 26. Calculate the remainder when d(10) is divided by 13.
6
Let l(w) = -w**2 - w + 2. Let j be l(0). Suppose 7*q - j*q = 2*d + 175, 0 = 5*q + 4*d - 205. Calculate the remainder when q is divided by 13.
11
Let l(t) = t**3 - 12*t**2 + 14*t - 2. Let d be l(11). Suppose -4*g = 4, -d = -5*m + g + 10. What is the remainder when m is divided by 5?
3
Suppose -3*i + 6 = 2*c, 3*i + 13 = 7*i + c. Let h(r) = r**3 - 6*r**2 - r + 2. Let k be h(6). What is the remainder when i is divided by k/(-22) + (-20)/(-11)?
0
Suppose 3*k - 7*k - 8 = 0. What is the remainder when 17 is divided by (k/(-6))/((-3)/(-81))?
8
Let v = -8 - -10. Suppose -4*l + 28 = -v*l. What is the remainder when l is divided by 5?
4
Let b(t) = t + 14. Suppose h - 3 = q + 2, 4*h = 3*q + 20. What is the remainder when 41 is divided by b(q)?
13
Let i(y) = -y. Let v be i(-3). Suppose -v = 2*a - a - 3*t, -5*a = -5*t + 5. Let d = 2 + a. What is the remainder when 4 is divided by d?
0
Suppose 3*y - 43 = -2*g, -4*g - 3*y + 41 = -36. Let w(f) = f**3 - 3*f**2 - 6*f + 5. Let d be w(4). Calculate the remainder when (d - -10)/1*7 is divided by g.
15
Let o be ((-20)/(-4) - 2) + 20. Let q = -7 + o. Calculate the remainder when 31 is divided by q.
15
Let m(a) = -a**3 - 5*a**2 + 6*a + 8. Let d = -76 + 79. What is the remainder when m(-6) is divided by d?
2
Let k be 1/(1 - 2)*-3. Suppose k*p + 6 + 28 = 2*a, 0 = p. What is the remainder when a is divided by 6?
5
Let t(u) = 6*u**2 + 2*u - 1. Let o = 0 + 5. Suppose -w - 2*s = -2, -o*w + s = -51 - 14. What is the remainder when w is divided by t(1)?
5
Let s(z) = z - 1. Let q be s(7). Let n = q + 0. Let t(u) = -2*u - 1. What is the remainder when n is divided by t(-2)?
0
Suppose -10*r + 84 = -4*r. Let b be -5*2 + 3/3. Calculate the remainder when (6/b)/(2/(-120)) is divided by r.
12
Suppose -15 = -z + 3. What is the remainder when 51 is divided by z?
15
Let t be -2 + 1 + 47 - 1. Suppose -2*q = u - t, -3*u = 2*q + q - 129. Let b(d) = 4*d - 2. What is the remainder when u is divided by b(4)?
13
Let p(z) = z**2 + 4*z - 20. What is the remainder when p(8) is divided by 16?
12
Suppose -3*k = -2*k - 5*j - 29, 25 = k - 4*j. What is the remainder when 53 is divided by k?
8
Let k(r) = -2*r + 3. Let y(n) = -2*n**2 - 4*n. Let b be y(-3). What is the remainder when 44 is divided by k(b)?
14
Suppose 2*c + 4 = 36. Calculate the remainder when 46 is divided by c.
14
Suppose 15 = 4*h + h. Suppose 3*j = -2*i + 2, 3 = 5*j - h*i + 6. Let t(l) = l**2 - l + 31. Calculate the remainder when t(j) is divided by 11.
9
Suppose -2*o + 100 = -2*t, o + 0*o + 2*t = 44. Suppose -2*f - 2*f = -o. Let j = 7 - -16. Calculate the remainder when j is divided by f.
11
Suppose -8 = -5*q + q. Let v = 6 - q. Suppose -v*f = -131 + 19. Calculate the remainder when f is divided by 10.
8
Let j = 5 + -2. Let f = 6 - j. Calculate the remainder when 4 is divided by f.
1
Suppose -4*l + 2*t = -96, 0 = -0*t + 2*t + 8. Suppose 3*d = -3*c + 27, 0*d - 54 = -5*c - 2*d. Calculate the remainder when l is divided by c.
10
Let r = 2 + 5. Suppose x - 18 = -r. What is the remainder when x is divided by 4?
3
Let v(i) = i. Let k = 8 - 5. Let o(b) = -6*b + 1. Let h(f) = k*v(f) + o(f). Calculate the remainder when 24 is divided by h(-4).
11
Let b = 15 - 0. What is the remainder when 29 is divided by b?
14
Suppose 3500 = z + v, -5*v = -z - z + 7000. Let n be 1/4 + z/16. Suppose -3*u = -n + 84. What is the remainder when u is divided by 16?
13
Suppose -4*h - 12 = 4. Let z(m) = -m**3 - m**2 + m. What is the remainder when z(h) is divided by (-69)/(-45)*3*5?
21
Suppose 0 = 2*m + 116 - 124. What is the remainder when 10 is divided by m?
2
Let k be (-68)/(-20) + 4/(-10). Let m = k + -3. Suppose 0 = 5*p + 5*v - 105, m = 2*p + p + 2*v - 59. Calculate the remainder when p is divided by 6.
5
Suppose 5*j - 26 = 19. Suppose -2*a = -3*q + 3, 0 = a - 3*a + 5*q - j. What is the remainder when 11 is divided by a?
2
Let g(a) = -a**3 - 9*a**2 + 7*a + 17. What is the remainder when g(-10) is divided by 16?
15
Calculate the remainder when 41 is divided by (0 - (-66)/9)*(-1 + 4).
19
Let g = 43 + -30. Calculate the remainder when 24 is divided by 2 + -2 - g/(-1).
11
Suppose 3*b = c + 65, 105 = 3*b + 2*b - 5*c. What is the remainder when b is divided by 13?
9
Let s = 94 + -81. What is the remainder when 40 is divided by s?
1
Let s(d) = d**3 + 2*d**2 - d + 1. Let r be s(-2). Suppose f - 2 = 3, -r*c = -5*f - 32. Calculate the remainder whe